-26)?
-4
Let k(y) = 44806*y - 806513. What is k(18)?
-5
Let n(o) = -o**2 - 138*o + 2805. Give n(-156).
-3
Let d(o) = 13*o - 40. What is d(-13)?
-209
Let o(q) = 2973*q - 2678798. Determine o(901).
-125
Let j(o) = 101*o**2 + 711*o + 892. Determine j(-9).
2674
Let i(u) = -5*u**2 + 901*u + 5522. Determine i(-6).
-64
Let v(i) = -5493*i - 44028. What is v(-8)?
-84
Let k(i) = -i**3 + 79*i**2 - 74*i - 12368. What is k(76)?
-664
Let h(k) = 2*k**3 + 531*k**2 - 1896*k - 3459. Give h(-269).
38
Let t(y) = y**3 - 28*y**2 + 41*y - 66. Calculate t(27).
312
Let g(d) = d**3 - 699*d**2 - 143554*d - 31135. What is g(865)?
5
Let q(t) = -24630*t - 2881739. Determine q(-117).
-29
Let p(i) = 2*i**2 - 243*i + 2500. Give p(110).
-30
Let b(q) = q**3 + 4*q**2 - 57*q + 516. What is b(-13)?
-264
Let d(f) = -273*f**2 - 4*f + 6. Determine d(1).
-271
Let b(n) = -27*n**2 - 932*n + 1882. Determine b(2).
-90
Let f(z) = z**3 - 261*z**2 + 5043*z - 53736. What is f(241)?
7
Let h(b) = -4*b**3 - 133*b**2 - 19*b + 1158. Give h(-33).
696
Let d(k) = -267*k + 59815. Calculate d(224).
7
Let u(o) = -o**3 + 139*o**2 - 105*o - 4551. Determine u(138).
3
Let i(v) = -3181*v**2 + 3098*v + 6. Give i(1).
-77
Let f(z) = 9*z**2 + 103*z + 771. Calculate f(-14).
1093
Let q(i) = i**2 - 112*i + 2988. What is q(33)?
381
Let d(z) = 18430*z - 903064. Give d(49).
6
Let q(p) = -46*p**2 + 3295*p + 276. Determine q(72).
-948
Let b(y) = -4*y**3 + 10*y**2 + 59*y - 15. What is b(6)?
-165
Let d(m) = 15490*m + 247927. Calculate d(-16).
87
Let s(h) = -9*h**2 - 367*h + 36. Calculate s(-38).
986
Let k(s) = s**3 - 9*s**2 - 1486*s - 812. Give k(-34).
4
Let q(i) = i**3 + 25*i**2 - 2553*i + 9750. Give q(4).
2
Let q(j) = 277*j**2 - 9081*j - 1966. Calculate q(33).
14
Let m(p) = 2000*p - 195995. What is m(98)?
5
Let b(w) = 380*w + 9068. Determine b(-22).
708
Let l(s) = -5*s**3 + 7*s**2 + 13*s - 74. Calculate l(3).
-107
Let v(w) = -43*w**3 + 646*w**2 - 12*w - 29. Determine v(15).
16
Let s(y) = 26605*y + 53203. Calculate s(-2).
-7
Let h(d) = 3*d**3 - 190*d**2 + 61*d + 182. Determine h(63).
56
Let k(i) = -9*i**2 - 86763*i - 520548. Calculate k(-6).
-294
Let o(b) = -7*b**3 + 911*b**2 - 134*b - 278. Give o(130).
-798
Let k(d) = d**3 - 604*d**2 - 6730*d + 390. What is k(-11)?
5
Let x(r) = -1169*r - 147296. Give x(-126).
-2
Let x(w) = 49*w**2 - 822*w + 2882. Determine x(5).
-3
Let s(c) = -8345*c - 33354. Determine s(-4).
26
Let v(u) = u**3 + 50*u**2 + 36*u - 569. What is v(-49)?
68
Let d(f) = 26619*f - 26470. What is d(1)?
149
Let n(u) = -1342*u + 120864. Determine n(90).
84
Let r(a) = -56411*a + 507700. Give r(9).
1
Let b(x) = -16*x**3 - 305*x**2 - 16*x - 59. Give b(-19).
-116
Let f(g) = 92114*g - 2763602. Calculate f(30).
-182
Let h(a) = -2*a**3 + 76*a**2 + 1115*a + 426. Give h(-11).
19
Let g(n) = 13875*n + 152633. Give g(-11).
8
Let m(p) = -129638*p + 5574429. Give m(43).
-5
Let x(p) = 3*p**3 - 6*p**2 + 6*p - 1024. What is x(0)?
-1024
Let j(x) = 203*x - 13258. Give j(75).
1967
Let n(c) = c**2 + 11190*c - 78389. Give n(7).
-10
Let h(d) = -d**3 - 39*d**2 - 278*d + 1507. What is h(-25)?
-293
Let v(r) = r**2 - 45*r - 4126. Give v(-50).
624
Let r(o) = 530*o**3 + 2*o**2 - 3180*o + 3178. Determine r(1).
530
Let n(f) = 4*f**2 - 232*f + 2901. Calculate n(15).
321
Let v(b) = 2*b**2 + 36*b + 3060. Give v(-32).
3956
Let w(i) = 7*i**2 - 807*i + 14222. What is w(18)?
1964
Let t(n) = 359*n**2 - 3598*n + 21. Give t(10).
-59
Let v(z) = -54*z - 18781. Calculate v(-348).
11
Let h(f) = -8*f**3 - 3*f**2 + 8*f + 77. What is h(-5)?
962
Let l(s) = 270*s**2 + 17076*s - 13065. Determine l(-64).
-9
Let o(i) = 7899*i - 616191. What is o(78)?
-69
Let d(n) = -780*n - 2250. What is d(-3)?
90
Let o(i) = 1750*i - 1702. Give o(3).
3548
Let l(b) = 1659*b + 9909. Determine l(-6).
-45
Let l(x) = 314*x - 6762. What is l(20)?
-482
Let j(p) = 101*p**2 + 8587*p + 126. What is j(-85)?
-44
Let l(n) = -n**3 - 148*n**2 - 1733*n + 606. What is l(-13)?
320
Let n(z) = 7*z**3 + 333*z**2 - 173*z - 1369. What is n(-48)?
23
Let v(m) = 9*m**2 - 3832*m + 33566. Determine v(9).
-193
Let o(h) = -7*h**2 - 2463*h + 17265. Determine o(7).
-319
Let p(c) = 9*c**2 - 839*c + 15721. Determine p(26).
-9
Let r(z) = -5*z**2 - 828*z + 57930. Determine r(53).
1
Let q(t) = -t**2 + 279*t - 10881. Give q(232).
23
Let p(d) = -d**3 - 932*d**2 - 23575*d - 501. Calculate p(-26).
-7
Let y(q) = -3*q**3 - 96*q**2 - 259*q - 5170. Give y(-31).
-24
Let s(n) = -3*n**2 - 5896*n - 2056332. Give s(-1512).
-12
Let l(i) = -i**3 - 174*i**2 + 653*i + 142918. Determine l(-173).
20
Let i(h) = -10*h**2 - 113*h + 55. What is i(-10)?
185
Let o(b) = 30*b**2 + 837*b + 32. Determine o(-28).
116
Let b(r) = 3*r**2 - 26223*r - 52446. What is b(-2)?
12
Let t(y) = -34*y**2 - 599*y - 1487. Give t(-3).
4
Let p(m) = -78*m + 6532. Determine p(76).
604
Let c(h) = -457*h - 14600. Give c(-25).
-3175
Let c(q) = 3892*q + 31241. Calculate c(-8).
105
Let s(i) = -27*i**2 - 2152*i + 599. Calculate s(-80).
-41
Let g(v) = -324*v - 19737. Give g(-61).
27
Let d(l) = l**3 + 274*l**2 - 826*l + 1408. Calculate d(-277).
23
Let z(i) = 2*i**3 + 22*i**2 - 475*i + 1762. Calculate z(-23).
-9
Let y(o) = -3*o**3 + 227*o**2 - 183*o + 19484. Calculate y(76).
-200
Let p(d) = 1385*d + 269838. What is p(-195)?
-237
Let t(k) = -1385*k + 24569. Calculate t(18).
-361
Let t(j) = j**3 + 677*j**2 + 69850*j - 120. What is t(-550)?
-120
Let f(i) = i**3 - 15*i**2 - 92*i + 26. What is f(-9)?
-1090
Let p(x) = -8*x**3 + 5*x**2 + 99*x + 161. Determine p(7).
-1645
Let i(p) = -3*p**2 + 543*p + 3. Calculate i(181).
3
Let y(k) = -k**3 + 50*k**2 - 133*k - 651. Determine y(44).
5113
Let l(v) = 628*v + 632. Determine l(-1).
4
Let a(n) = n**2 + 92*n - 7635. Give a(-145).
50
Let g(t) = -1106*t + 34270. Determine g(31).
-16
Let x(l) = -200*l + 49454. Give x(251).
-746
Let i(v) = -91036*v + 1274489. Calculate i(14).
-15
Let h(z) = -15*z**2 - 485*z + 7934. Calculate h(15).
-2716
Let w(i) = 62*i**2 + 6015*i + 80. Calculate w(-97).
-17
Let c(t) = -130*t**2 + 5610*t - 928. What is c(43)?
-68
Let w(q) = q**2 - 1032*q + 47316. Calculate w(48).
84
Let p(a) = a**3 + 37*a**2 - 32*a - 471. Determine p(-37).
713
Let p(v) = -100*v - 2837. Calculate p(-20).
-837
Let h(n) = 1427*n**2 - 9972*n - 113. Give h(7).
6
Let w(s) = -4*s**3 - 1108*s**2 + 588*s + 162871. Determine w(-277).
-5
Let b(g) = 238*g**2 - 3015*g + 1881. Give b(12).
-27
Let s(v) = -19*v**2 - 802*v - 5000. Calculate s(-35).
-205
Let p(r) = r**3 - 63*r**2 + 729*r - 49608. Give p(64).
1144
Let i(q) = 3687*q - 7386. Determine i(2).
-12
Let s(r) = -5*r**3 - 226*r**2 - 1912*r - 53. Determine s(-11).
288
Let q(s) = -s**3 + 7*s**2 + 273*s + 1239. Give q(-7).
14
Let p(k) = -k**3 + 97*k**2 + 1161*k - 25. What is p(-11)?
272
Let j(w) = 4*w**3 + 117*w**2 + 424*w + 130. Calculate j(-25).
155
Let w(u) = 16*u**3 - 167*u**2 - 8945*u + 44. What is w(-19)?
-32
Let g(v) = -4*v**2 - 244*v + 1333. What is g(-66)?
13
Let j(z) = 175*z - 2256. Determine j(12).
-156
Let h(i) = -4*i**2 + 12094*i + 84661. Calculate h(-7).
-193
Let n(x) = 175*x**2 - 62*x - 62. Calculate n(-1).
175
Let b(h) = -h**2 - 300*h - 6665. Give b(-23).
-294
Let q(b) = 5*b**2 - 234*b - 883. Calculate q(49).
-344
Let n(s) = -s**3 - 233*s**2 + 2582*s - 196. What is n(11)?
-1318
Let z(j) = -5519*j + 264934. Determine z(48).
22
Let s(h) = -2*h**3 - 208*h**2 + 1602*h + 5324. What is s(-111)?
-4
Let h(j) = 4*j**3 - 115*j**2 - 102*j + 1672. Give h(29).
-445
Let y(z) = z**2 + 162*z + 6249. Determine y(-62).
49
Let x(q) = -q**2 + 393*q - 2328. Determine x(6).
-6
Let a(o) = 71*o + 3929. Determine a(-55).
24
Let p(q) = -275*q + 56293. Calculate p(205).
-82
Let t(f) = 2589*f - 32013. Calculate t(13).
1644
Let b(m) = 3621*m + 894317. Determine b(-247).
-70
Let l(o) = 44192*o + 486111. Give l(-11).
-1
Let l(h) = -89*h**2 + 1740*h + 22. What is l(20)?
-778
Let j(f) = -3*f**3 + 238*f**2 - 1787*f + 236. Calculate j(8).
-364
Let n(o) = 3472*o - 187399. Calculate n(54).
89
Let o(s) = 28*s**3 + 13*s**2 + 422*s - 896. What is o(2)?
224
Let d(w) = 43*w**2 - 13498*w + 116817. Determine d(305).
2
Let j(v) = v**3 + 29*v**2 + 172*v + 87. Calculate j(-21).
3
Let c(w) = 9*w**3 + 820*w**2 + 9*w - 7495. What is c(-91)?
-33
Let g(k) = 341753*k - 6493315. Calculate g(19).
-8
Let y(q) = -369*q - 2747. Give y(-10).
943